
Is 52139 prime?
False
Is 77297 composite?
True
Is 68009 a prime number?
False
Is 214597 composite?
True
Is 47237 composite?
False
Is 11903 composite?
False
Is 3107 prime?
False
Is 9091 composite?
False
Is 895 a prime number?
False
Is 1471 composite?
False
Is 2498 prime?
False
Is 141257 a prime number?
True
Is 30127 prime?
False
Is 84047 composite?
False
Is 613 prime?
True
Is 13577 prime?
True
Is 72613 composite?
False
Is 146141 a composite number?
False
Is 194573 prime?
False
Is 40247 composite?
True
Is 122054 composite?
True
Is 2321 a prime number?
False
Is 106823 prime?
True
Is 545723 prime?
True
Is 41719 a composite number?
False
Is 99971 composite?
False
Is 47189 a composite number?
False
Is 8923 a prime number?
True
Is 14419 prime?
True
Is 10973 a prime number?
True
Is 46823 composite?
True
Is 66809 composite?
False
Is 26603 composite?
True
Is 664243 a prime number?
True
Is 837257 a prime number?
True
Is 18663 composite?
True
Is 62003 prime?
True
Is 85207 composite?
True
Is 710483 a prime number?
True
Is 657989 a prime number?
False
Is 2471 a composite number?
True
Is 51682 composite?
True
Is 2003653 composite?
False
Is 208921 composite?
True
Is 80651 a prime number?
True
Is 2459 a prime number?
True
Is 45439 composite?
False
Is 21767 a prime number?
True
Is 42985 a composite number?
True
Is 81281 a prime number?
True
Is 3713 a composite number?
True
Is 41037 prime?
False
Is 12559 prime?
False
Is 20074 composite?
True
Is 284779 a composite number?
True
Is 13306 composite?
True
Is 213835 a composite number?
True
Is 16291 prime?
False
Is 1156137 a prime number?
False
Is 92333 a prime number?
True
Is 157673 composite?
True
Is 1762377 composite?
True
Is 18661 a composite number?
False
Is 289559 a composite number?
False
Is 942493 a prime number?
False
Is 173645 composite?
True
Is 410117 a composite number?
False
Is 17623 a composite number?
False
Is 2231 prime?
False
Is 3920857 a prime number?
True
Is 37707 a composite number?
True
Is 150538 composite?
True
Is 4987 composite?
False
Is 12149 prime?
True
Is 246097 prime?
True
Is 366185 a prime number?
False
Is 9901 composite?
False
Is 282794 composite?
True
Is 1873121 composite?
False
Is 5981 a composite number?
False
Is 262583 composite?
False
Is 7017 composite?
True
Is 132451 a composite number?
True
Is 1228223 a composite number?
True
Is 34793 composite?
True
Is 11369 a prime number?
True
Is 258949 prime?
True
Is 24439 composite?
False
Is 1043 a composite number?
True
Is 14515 a prime number?
False
Is 35729 composite?
False
Is 60037 prime?
True
Is 11027 a prime number?
True
Is 1223839 prime?
False
Is 180403 composite?
True
Is 79619 a composite number?
True
Is 29221 composite?
False
Is 147727 a prime number?
True
Is 364522 composite?
True
Is 17693 composite?
True
Is 46889 composite?
False
Is 221097 composite?
True
Is 2503 prime?
True
Is 11851 composite?
True
Is 1673371 prime?
False
Is 1107193 a prime number?
False
Is 4159 a composite number?
False
Is 267283 composite?
True
Is 1499 a composite number?
False
Is 303317 prime?
False
Is 128339 composite?
False
Is 10099 composite?
False
Is 13441 prime?
True
Is 31973 composite?
False
Is 558199 a composite number?
True
Is 176041 a composite number?
False
Is 34199 prime?
False
Is 152563 composite?
False
Is 14303 prime?
True
Is 3907 a composite number?
False
Is 189797 a composite number?
False
Is 547739 prime?
False
Is 30397 composite?
True
Is 59333 composite?
False
Is 46993 a composite number?
False
Is 1441 a composite number?
True
Is 10763 prime?
False
Is 8819 prime?
True
Is 50533 prime?
False
Is 11651 a composite number?
True
Is 32687 a prime number?
True
Is 26399 prime?
True
Is 6377 composite?
True
Is 248327 a prime number?
False
Is 1303969 prime?
False
Is 95605 composite?
True
Is 410765 composite?
True
Is 7195 prime?
False
Is 446753 a prime number?
True
Is 28751 a composite number?
False
Is 91243 a prime number?
True
Is 365842 prime?
False
Is 18263 a prime number?
False
Is 2096939 prime?
False
Is 25609 prime?
True
Is 333367 composite?
False
Is 3019 a prime number?
True
Is 41011 composite?
False
Is 2334767 prime?
True
Is 1853 prime?
False
Is 8879 a prime number?
False
Is 3109 prime?
True
Is 4835 composite?
True
Is 282349 a composite number?
False
Is 6421 composite?
False
Is 612713 composite?
False
Is 35769 composite?
True
Is 841 prime?
False
Is 1513697 composite?
True
Is 182165 composite?
True
Is 1946899 a composite number?
False
Is 1500323 a prime number?
False
Is 67679 composite?
False
Is 107269 composite?
False
Is 2125531 prime?
True
Is 316483 a prime number?
False
Is 1771567 composite?
True
Is 94049 a composite number?
False
Is 11777 a prime number?
True
Is 11197 a composite number?
False
Is 30679 composite?
True
Is 186917 a prime number?
True
Is 521777 composite?
False
Is 21985 a composite number?
True
Is 107513 a composite number?
True
Is 5042 composite?
True
Is 178355 a composite number?
True
Is 1087 composite?
False
Is 14207 a composite number?
False
Is 22409 a composite number?
False
Is 8121 a composite number?
True
Is 9127 prime?
True
Is 12481 prime?
False
Is 7451 a prime number?
True
Is 295049 a composite number?
False
Is 30157 composite?
True
Is 2507 prime?
False
Is 33241 a prime number?
False
Is 74939 a composite number?
True
Is 117239 composite?
False
Is 45239 composite?
True
Is 138371 a prime number?
True
Is 561919 prime?
False
Is 1511 composite?
False
Is 428501 a composite number?
True
Is 15091 composite?
False
Is 24439 composite?
False
Is 203617 a composite number?
False
Is 7039 prime?
True
Is 71189 a composite number?
True
Is 7451 a composite number?
False
Is 138889 a composite number?
False
Is 57107 composite?
False
Is 77711 a prime number?
True
Is 5399989 composite?
True
Is 11911 prime?
False
Is 42709 composite?
False
Is 4489 a composite number?
True
Is 167527 composite?
True
Is 944923 prime?
False
Is 536353 prime?
True
Is 472553 a prime number?
False
Is 143629 prime?
True
Is 15299 prime?
True
Is 261409 a prime number?
False
Is 407899 a composite number?
False
Is 113957 prime?
True
Is 116159 composite?
False
Is 7393 a prime number?
True
Is 10447 composite?
True
Is 32707 a composite number?
False
Is 64049 a composite number?
True
Is 5671 a composite number?
True
Is 299 prime?
False
Is 41645 a prime number?
False
Is 4039639 a prime number?
True
Is 19463 a prime number?
True
Is 6197 a prime number?
True
Is 1030173 composite?
True
Is 8053 prime?
True
Is 97499 a prime number?
True
Is 38531 prime?
False
Is 19031 composite?
False
Is 45803 a prime number?
False
Is 365093 a prime number?
False
Is 24997 prime?
False
Is 17623 composite?
False
Is 206111 prime?
False
Is 107687 a composite number?
False
Is 36367 a prime number?
False
Is 40973 prime?
True
Is 4417 a prime number?
False
Is 16979 prime?
True
Is 781133 a composite number?
True
Is 71059 prime?
True
Is 1799 a prime number?
False
Is 19937 a prime number?
True
Is 145319 composite?
True
Is 1097455 prime?
False
Is 2319 composite?
True
Is 22247 a composite number?
False
Is 106451 a composite number?
False
Is 1979223 a prime number?
False
Is 46651 a composite number?
True
Is 118831 a prime number?
True
Is 2709407 prime?
False
Is 43474 a prime number?
False
Is 151273 a composite number?
False
Is 4327 a composite number?
False
Is 2827 prime?
False
Is 17326 composite?
True
Is 2371 prime?
True
Is 29167 composite?
False
Is 156419 prime?
True
Is 46459 a prime number?
False
Is 48179 composite?
False
Is 11197 a prime number?
True
Is 134581 a composite number?
False
Is 14107 a prime number?
True
Is 5779 a composite number?
False
Is 15859 a composite number?
False
Is 1361 composite?
False
Is 195907 composite?
False
Is 248621 a prime number?
True
Is 37337 a prime number?
True
Is 42953 a prime number?
True
Is 2101 a composite number?
True
Is 29803 prime?
True
Is 1387913 a prime number?
True
Is 763999 prime?
True
Is 4886783 composite?
True
Is 4391 a prime number?
True
Is 359041 a composite number?
False
Is 4127 a prime number?
True
Is 607417 prime?
True
Is 231979 a prime number?
False
Is 85 composite?
True
Is 136193 composite?
False
Is 1657 a prime number?
True
Is 645185 composite?
True
Is 20317 composite?
True
Is 9599 a prime number?
False
Is 20279 a prime number?
False
Is 145177 prime?
True
Is